{"id":1023,"date":"2022-08-12T12:08:28","date_gmt":"2022-08-12T10:08:28","guid":{"rendered":"https:\/\/coastday.net\/?page_id=1023"},"modified":"2023-07-14T16:17:34","modified_gmt":"2023-07-14T14:17:34","slug":"hosting-country","status":"publish","type":"page","link":"https:\/\/coastday.net\/index.php\/hosting-country\/","title":{"rendered":"Hosting country"},"content":{"rendered":"<p>[et_pb_section fb_built=&#8221;1&#8243; _builder_version=&#8221;4.16&#8243; _module_preset=&#8221;default&#8221; background_color=&#8221;rgba(0,0,0,0.34)&#8221; background_image=&#8221;https:\/\/coastday.net\/wp-content\/uploads\/2022\/09\/Belyounech-24.jpg&#8221; parallax=&#8221;on&#8221; background_enable_video_mp4=&#8221;off&#8221; custom_padding=&#8221;||86px|||&#8221; bottom_divider_style=&#8221;wave&#8221; bottom_divider_color=&#8221;#0b61ab&#8221; locked=&#8221;off&#8221; global_colors_info=&#8221;{}&#8221;][et_pb_row _builder_version=&#8221;4.16&#8243; _module_preset=&#8221;default&#8221; global_colors_info=&#8221;{}&#8221;][et_pb_column type=&#8221;4_4&#8243; _builder_version=&#8221;4.16&#8243; _module_preset=&#8221;default&#8221; global_colors_info=&#8221;{}&#8221;][et_pb_image src=&#8221;https:\/\/coastday.net\/wp-content\/uploads\/2021\/09\/LOGO-COD.png&#8221; alt=&#8221;LOGO COAST DAY&#8221; title_text=&#8221;LOGO MED COASTDAY&#8221; align=&#8221;center&#8221; _builder_version=&#8221;4.16&#8243; _module_preset=&#8221;default&#8221; module_alignment=&#8221;center&#8221; max_height=&#8221;195px&#8221; global_colors_info=&#8221;{}&#8221;][\/et_pb_image][\/et_pb_column][\/et_pb_row][\/et_pb_section][et_pb_section fb_built=&#8221;1&#8243; _builder_version=&#8221;4.16&#8243; _module_preset=&#8221;default&#8221; background_color=&#8221;#FFFFFF&#8221; use_background_color_gradient=&#8221;on&#8221; background_color_gradient_stops=&#8221;#0b61ab 6%|#e2ba73 100%&#8221; background_color_gradient_start=&#8221;#0b61ab&#8221; background_color_gradient_start_position=&#8221;6%&#8221; background_color_gradient_end=&#8221;#e2ba73&#8243; custom_margin=&#8221;-11px|||||&#8221; custom_padding=&#8221;21px||0px|||&#8221; global_colors_info=&#8221;{}&#8221;][et_pb_row _builder_version=&#8221;4.16&#8243; _module_preset=&#8221;default&#8221; custom_padding=&#8221;||0px|||&#8221; global_colors_info=&#8221;{}&#8221;][et_pb_column type=&#8221;4_4&#8243; _builder_version=&#8221;4.16&#8243; _module_preset=&#8221;default&#8221; global_colors_info=&#8221;{}&#8221;][et_pb_text _builder_version=&#8221;4.16&#8243; _module_preset=&#8221;default&#8221; text_font=&#8221;|600||on|||||&#8221; text_text_color=&#8221;#FFFFFF&#8221; text_font_size=&#8221;24px&#8221; custom_margin=&#8221;||5px|||&#8221; global_colors_info=&#8221;{}&#8221;]<\/p>\n<p>Coastal integrated coastal zone management Plan in Morocco<\/p>\n<p>[\/et_pb_text][et_pb_text _builder_version=&#8221;4.16&#8243; _module_preset=&#8221;default&#8221; text_font=&#8221;|600|||||||&#8221; text_text_color=&#8221;#FFFFFF&#8221; text_font_size=&#8221;21px&#8221; global_colors_info=&#8221;{}&#8221;]<\/p>\n<p><em>Sch\u00e9ma R\u00e9gional du Littoral de la r\u00e9gion Tanger-T\u00e9touan-Al Hoce\u00efma (SRL TTA) <\/em><\/p>\n<p>[\/et_pb_text][et_pb_text _builder_version=&#8221;4.16&#8243; _module_preset=&#8221;default&#8221; text_font=&#8221;Titillium Web||||||||&#8221; text_text_color=&#8221;#FFFFFF&#8221; text_font_size=&#8221;18px&#8221; header_font=&#8221;Titillium Web||||||||&#8221; header_text_color=&#8221;#FFFFFF&#8221; custom_padding=&#8221;||2px|||&#8221; global_colors_info=&#8221;{}&#8221;]<\/p>\n<p><span><strong>Morocco<\/strong> is partly geographically and entirely culturally immersed in the Mediterranean. It is a country that seems to be a perfect example of the Mediterranean essence. The country is praised since medieval times, with Ibn Batt\u016btah describing it as \u201cthe best of countries, for in it fruits are plentiful, and running water and nourishing food are never exhausted\u201d<span style=\"color: #ffffff;\"><a href=\"#_ftn1\" name=\"_ftnref1\" style=\"color: #ffffff;\">[1]<\/a>.<\/span><br \/>Its northern part, the region Tanger-T\u00e9touan-Al Hoce\u00efma, faces the Strait of Gibraltar and Europe, situated between the Atlantic Ocean and the Mediterranean Sea. The Mediterranean basin, a region prone to many natural hazards, is one of the cradles of civilisation that has always been an attractive migration hub. <\/span><\/p>\n<p>[\/et_pb_text][et_pb_toggle title=&#8221;Read more&#8221; open_toggle_text_color=&#8221;RGBA(0,0,0,0)&#8221; open_toggle_background_color=&#8221;RGBA(0,0,0,0)&#8221; closed_toggle_background_color=&#8221;RGBA(0,0,0,0)&#8221; icon_color=&#8221;#FFFFFF&#8221; open_icon_color=&#8221;#FFFFFF&#8221; _builder_version=&#8221;4.16&#8243; _module_preset=&#8221;default&#8221; title_text_color=&#8221;#FFFFFF&#8221; title_font=&#8221;Titillium Web|600|||||||&#8221; title_font_size=&#8221;15px&#8221; body_font=&#8221;Titillium Web||||||||&#8221; body_text_color=&#8221;#FFFFFF&#8221; body_font_size=&#8221;17px&#8221; custom_padding=&#8221;9px||9px||true|&#8221; border_radii=&#8221;on|30px|30px|30px|30px&#8221; locked=&#8221;off&#8221; global_colors_info=&#8221;{}&#8221;]<\/p>\n<p><span>Since the projections for the Mediterranean region are to experience the highest raise in the frequency of occurrence of extreme events due to climate change, the concern raises with the regional increase of population and the use of space, the coastal zone in particular.<span style=\"color: #ffffff;\"><a href=\"#_ftn2\" name=\"_ftnref2\" style=\"color: #ffffff;\">[2]<\/a><\/span><br \/>The TTA\u2019s coasts are experiencing heavy urbanization of the coastline, leaving no space for the beaches and wetlands to adapt to a present and future environmental change. Also, the TTA is one of the most populated regions of Morocco, with a relatively high density, which is more than four times the national average.<\/span><\/p>\n<p><span>Even though it has experienced natural hazards and various challenges for centuries, its inhabitants have still managed to successfully inhabit the area. Morocco maintains, in its modernity, very strong traditional components, with the traditional forms of appropriation of space and the forms of its usage. People live and survive thanks to this territory and they are attached economically to it. <\/span><\/p>\n<p><span>In order to continue living their lives in a changed future, the development needs to be sustainable, paying attention to equitable society, balanced economic development and nature protection. The Kingdom of Morocco is aware of the need for sustainability, giving particular attention to its coasts. In 2015 the Kingdom adopted Law 81-12 on the coastline. This new text is in line with the main guidelines and basic rules of integrated coastal zone management (ICZM), as stipulated in the ICZM Protocol of the Barcelona Convention. The law requires the elaboration of a National Coastal Plan (PNL) and Regional Coastal Schemes (SRL), taking into account the limitations of the non-constructible zone and the zones in which certain activities are prohibited or subject to certain restrictions, and &#8220;adopting an integrated management approach that takes into account the coastal ecosystem and climate change&#8221;. This political will is the ground for this project of the preparation of the coastal plan \u2013 SRL TTA. <\/span><\/p>\n<p><span>MedProgramme, the UNEP\/GEF &#8220;Mediterranean Sea Programme&#8221; is the GEF initiative in the Mediterranean Sea aimed at operationalizing priority actions to reduce key transboundary environmental stresses in its coastal zones, while enhancing climate resilience and water security and improving the health and livelihoods of coastal populations. The SRL TTA aims at establishing the basis for sustainable development of the coastal zone in the context of the ongoing climate change, where ICZM can be considered, together with land-use planning, as the most important instrument. Priority Actions Programme\/Regional Activity Centre (PAP\/RAC), specialized in coastal management, is in charge of the preparation of the SRL TTA with help of national and regional Moroccan partners from the Ministry of energy transition and sustainable development and international partners Plan Bleu\/RAC, GWP-Med and UNESCO.<\/span><\/p>\n<p>&nbsp;<\/p>\n<p><span style=\"font-size: medium; color: #ffffff;\"><a href=\"#_ftnref1\" name=\"_ftn1\" style=\"color: #ffffff;\">[1]<\/a> Encyclopaedia Britannica<\/span><\/p>\n<p><span style=\"font-size: medium; color: #ffffff;\"><a href=\"#_ftnref2\" name=\"_ftn2\" style=\"color: #ffffff;\">[2]<\/a> Iv\u010devi\u0107, A., Bertoldo, R., Mazurek, H., Siame, L., Guignard, S., Moussa, A. B., &amp; Bellier, O. (2020). Local risk awareness and precautionary behaviour in a multi-hazard region of North Morocco. International Journal of Disaster Risk Reduction, 50, 101724.<\/span><\/p>\n<p>[\/et_pb_toggle][\/et_pb_column][\/et_pb_row][\/et_pb_section][et_pb_section fb_built=&#8221;1&#8243; _builder_version=&#8221;4.16&#8243; _module_preset=&#8221;default&#8221; background_color=&#8221;RGBA(0,0,0,0)&#8221; background_image=&#8221;https:\/\/coastday.net\/wp-content\/uploads\/2022\/09\/Belyounech-13.jpg&#8221; parallax=&#8221;on&#8221; parallax_method=&#8221;off&#8221; custom_padding=&#8221;52px||54px||false|&#8221; top_divider_style=&#8221;wave&#8221; top_divider_color=&#8221;#e2ba73&#8243; locked=&#8221;off&#8221; global_colors_info=&#8221;{}&#8221;][et_pb_row _builder_version=&#8221;4.16&#8243; _module_preset=&#8221;default&#8221; background_enable_color=&#8221;off&#8221; min_height=&#8221;231.6px&#8221; custom_padding=&#8221;28px||0px|||&#8221; border_radii=&#8221;on|88px|88px|88px|88px&#8221; global_colors_info=&#8221;{}&#8221;][et_pb_column type=&#8221;4_4&#8243; _builder_version=&#8221;4.16&#8243; _module_preset=&#8221;default&#8221; global_colors_info=&#8221;{}&#8221;][\/et_pb_column][\/et_pb_row][\/et_pb_section]<\/p>\n","protected":false},"excerpt":{"rendered":"<p>Coastal integrated coastal zone management Plan in MoroccoSch\u00e9ma R\u00e9gional du Littoral de la r\u00e9gion Tanger-T\u00e9touan-Al Hoce\u00efma (SRL TTA) Morocco is partly geographically and entirely culturally immersed in the Mediterranean. It is a country that seems to be a perfect example of the Mediterranean essence. The country is praised since medieval times, with Ibn Batt\u016btah describing [&hellip;]<\/p>\n","protected":false},"author":1,"featured_media":0,"parent":0,"menu_order":0,"comment_status":"closed","ping_status":"closed","template":"","meta":{"_et_pb_use_builder":"on","_et_pb_old_content":"","_et_gb_content_width":"","footnotes":""},"class_list":["post-1023","page","type-page","status-publish","hentry"],"_links":{"self":[{"href":"https:\/\/coastday.net\/index.php\/wp-json\/wp\/v2\/pages\/1023","targetHints":{"allow":["GET"]}}],"collection":[{"href":"https:\/\/coastday.net\/index.php\/wp-json\/wp\/v2\/pages"}],"about":[{"href":"https:\/\/coastday.net\/index.php\/wp-json\/wp\/v2\/types\/page"}],"author":[{"embeddable":true,"href":"https:\/\/coastday.net\/index.php\/wp-json\/wp\/v2\/users\/1"}],"replies":[{"embeddable":true,"href":"https:\/\/coastday.net\/index.php\/wp-json\/wp\/v2\/comments?post=1023"}],"version-history":[{"count":12,"href":"https:\/\/coastday.net\/index.php\/wp-json\/wp\/v2\/pages\/1023\/revisions"}],"predecessor-version":[{"id":1419,"href":"https:\/\/coastday.net\/index.php\/wp-json\/wp\/v2\/pages\/1023\/revisions\/1419"}],"wp:attachment":[{"href":"https:\/\/coastday.net\/index.php\/wp-json\/wp\/v2\/media?parent=1023"}],"curies":[{"name":"wp","href":"https:\/\/api.w.org\/{rel}","templated":true}]}}

<p>[et_pb_section fb_built=&#8221;1&#8243; _builder_version=&#8221;4.16&#8243; _module_preset=&#8221;default&#8221; background_color=&#8221;rgba(0,0,0,0.34)&#8221; background_image=&#8221;https://coastday.net/wp-content/uploads/2022/09/Belyounech-24.jpg&#8221; parallax=&#8221;on&#8221; background_enable_video_mp4=&#8221;off&#8221; custom_padding=&#8221;||86px|||&#8221; bottom_divider_style=&#8221;wave&#8221; bottom_divider_color=&#8221;#0b61ab&#8221; locked=&#8221;off&#8221; global_colors_info=&#8221;{}&#8221;][et_pb_row _builder_version=&#8221;4.16&#8243; _module_preset=&#8221;default&#8221; global_colors_info=&#8221;{}&#8221;][et_pb_column type=&#8221;4_4&#8243; _builder_version=&#8221;4.16&#8243; _module_preset=&#8221;default&#8221; global_colors_info=&#8221;{}&#8221;][et_pb_image src=&#8221;https://coastday.net/wp-content/uploads/2021/09/LOGO-COD.png&#8221; alt=&#8221;LOGO COAST DAY&#8221; title_text=&#8221;LOGO MED COASTDAY&#8221; align=&#8221;center&#8221; _builder_version=&#8221;4.16&#8243; _module_preset=&#8221;default&#8221; module_alignment=&#8221;center&#8221; max_height=&#8221;195px&#8221; global_colors_info=&#8221;{}&#8221;][/et_pb_image][/et_pb_column][/et_pb_row][/et_pb_section][et_pb_section fb_built=&#8221;1&#8243; _builder_version=&#8221;4.16&#8243; _module_preset=&#8221;default&#8221; background_color=&#8221;#FFFFFF&#8221; use_background_color_gradient=&#8221;on&#8221; background_color_gradient_stops=&#8221;#0b61ab 6%|#e2ba73 100%&#8221; background_color_gradient_start=&#8221;#0b61ab&#8221; background_color_gradient_start_position=&#8221;6%&#8221; background_color_gradient_end=&#8221;#e2ba73&#8243; custom_margin=&#8221;-11px|||||&#8221; custom_padding=&#8221;21px||0px|||&#8221; global_colors_info=&#8221;{}&#8221;][et_pb_row _builder_version=&#8221;4.16&#8243; _module_preset=&#8221;default&#8221; custom_padding=&#8221;||0px|||&#8221; global_colors_info=&#8221;{}&#8221;][et_pb_column type=&#8221;4_4&#8243; _builder_version=&#8221;4.16&#8243; _module_preset=&#8221;default&#8221; global_colors_info=&#8221;{}&#8221;][et_pb_text _builder_version=&#8221;4.16&#8243; _module_preset=&#8221;default&#8221; text_font=&#8221;|600||on|||||&#8221; text_text_color=&#8221;#FFFFFF&#8221; text_font_size=&#8221;24px&#8221; custom_margin=&#8221;||5px|||&#8221; global_colors_info=&#8221;{}&#8221;]</p>
<p>Coastal integrated coastal zone management Plan in Morocco</p>
<p>[/et_pb_text][et_pb_text _builder_version=&#8221;4.16&#8243; _module_preset=&#8221;default&#8221; text_font=&#8221;|600|||||||&#8221; text_text_color=&#8221;#FFFFFF&#8221; text_font_size=&#8221;21px&#8221; global_colors_info=&#8221;{}&#8221;]</p>
<p><em>Schéma Régional du Littoral de la région Tanger-Tétouan-Al Hoceïma (SRL TTA) </em></p>
<p>[/et_pb_text][et_pb_text _builder_version=&#8221;4.16&#8243; _module_preset=&#8221;default&#8221; text_font=&#8221;Titillium Web||||||||&#8221; text_text_color=&#8221;#FFFFFF&#8221; text_font_size=&#8221;18px&#8221; header_font=&#8221;Titillium Web||||||||&#8221; header_text_color=&#8221;#FFFFFF&#8221; custom_padding=&#8221;||2px|||&#8221; global_colors_info=&#8221;{}&#8221;]</p>
<p><span><strong>Morocco</strong> is partly geographically and entirely culturally immersed in the Mediterranean. It is a country that seems to be a perfect example of the Mediterranean essence. The country is praised since medieval times, with Ibn Battūtah describing it as “the best of countries, for in it fruits are plentiful, and running water and nourishing food are never exhausted”<span style="color: #ffffff;"><a href="#_ftn1" name="_ftnref1" style="color: #ffffff;">[1]</a>.</span><br />Its northern part, the region Tanger-Tétouan-Al Hoceïma, faces the Strait of Gibraltar and Europe, situated between the Atlantic Ocean and the Mediterranean Sea. The Mediterranean basin, a region prone to many natural hazards, is one of the cradles of civilisation that has always been an attractive migration hub. </span></p>
<p>[/et_pb_text][et_pb_toggle title=&#8221;Read more&#8221; open_toggle_text_color=&#8221;RGBA(0,0,0,0)&#8221; open_toggle_background_color=&#8221;RGBA(0,0,0,0)&#8221; closed_toggle_background_color=&#8221;RGBA(0,0,0,0)&#8221; icon_color=&#8221;#FFFFFF&#8221; open_icon_color=&#8221;#FFFFFF&#8221; _builder_version=&#8221;4.16&#8243; _module_preset=&#8221;default&#8221; title_text_color=&#8221;#FFFFFF&#8221; title_font=&#8221;Titillium Web|600|||||||&#8221; title_font_size=&#8221;15px&#8221; body_font=&#8221;Titillium Web||||||||&#8221; body_text_color=&#8221;#FFFFFF&#8221; body_font_size=&#8221;17px&#8221; custom_padding=&#8221;9px||9px||true|&#8221; border_radii=&#8221;on|30px|30px|30px|30px&#8221; locked=&#8221;off&#8221; global_colors_info=&#8221;{}&#8221;]</p>
<p><span>Since the projections for the Mediterranean region are to experience the highest raise in the frequency of occurrence of extreme events due to climate change, the concern raises with the regional increase of population and the use of space, the coastal zone in particular.<span style="color: #ffffff;"><a href="#_ftn2" name="_ftnref2" style="color: #ffffff;">[2]</a></span><br />The TTA’s coasts are experiencing heavy urbanization of the coastline, leaving no space for the beaches and wetlands to adapt to a present and future environmental change. Also, the TTA is one of the most populated regions of Morocco, with a relatively high density, which is more than four times the national average.</span></p>
<p><span>Even though it has experienced natural hazards and various challenges for centuries, its inhabitants have still managed to successfully inhabit the area. Morocco maintains, in its modernity, very strong traditional components, with the traditional forms of appropriation of space and the forms of its usage. People live and survive thanks to this territory and they are attached economically to it. </span></p>
<p><span>In order to continue living their lives in a changed future, the development needs to be sustainable, paying attention to equitable society, balanced economic development and nature protection. The Kingdom of Morocco is aware of the need for sustainability, giving particular attention to its coasts. In 2015 the Kingdom adopted Law 81-12 on the coastline. This new text is in line with the main guidelines and basic rules of integrated coastal zone management (ICZM), as stipulated in the ICZM Protocol of the Barcelona Convention. The law requires the elaboration of a National Coastal Plan (PNL) and Regional Coastal Schemes (SRL), taking into account the limitations of the non-constructible zone and the zones in which certain activities are prohibited or subject to certain restrictions, and &#8220;adopting an integrated management approach that takes into account the coastal ecosystem and climate change&#8221;. This political will is the ground for this project of the preparation of the coastal plan – SRL TTA. </span></p>
<p><span>MedProgramme, the UNEP/GEF &#8220;Mediterranean Sea Programme&#8221; is the GEF initiative in the Mediterranean Sea aimed at operationalizing priority actions to reduce key transboundary environmental stresses in its coastal zones, while enhancing climate resilience and water security and improving the health and livelihoods of coastal populations. The SRL TTA aims at establishing the basis for sustainable development of the coastal zone in the context of the ongoing climate change, where ICZM can be considered, together with land-use planning, as the most important instrument. Priority Actions Programme/Regional Activity Centre (PAP/RAC), specialized in coastal management, is in charge of the preparation of the SRL TTA with help of national and regional Moroccan partners from the Ministry of energy transition and sustainable development and international partners Plan Bleu/RAC, GWP-Med and UNESCO.</span></p>
<p>&nbsp;</p>
<p><span style="font-size: medium; color: #ffffff;"><a href="#_ftnref1" name="_ftn1" style="color: #ffffff;">[1]</a> Encyclopaedia Britannica</span></p>
<p><span style="font-size: medium; color: #ffffff;"><a href="#_ftnref2" name="_ftn2" style="color: #ffffff;">[2]</a> Ivčević, A., Bertoldo, R., Mazurek, H., Siame, L., Guignard, S., Moussa, A. B., &amp; Bellier, O. (2020). Local risk awareness and precautionary behaviour in a multi-hazard region of North Morocco. International Journal of Disaster Risk Reduction, 50, 101724.</span></p>
<p>[/et_pb_toggle][/et_pb_column][/et_pb_row][/et_pb_section][et_pb_section fb_built=&#8221;1&#8243; _builder_version=&#8221;4.16&#8243; _module_preset=&#8221;default&#8221; background_color=&#8221;RGBA(0,0,0,0)&#8221; background_image=&#8221;https://coastday.net/wp-content/uploads/2022/09/Belyounech-13.jpg&#8221; parallax=&#8221;on&#8221; parallax_method=&#8221;off&#8221; custom_padding=&#8221;52px||54px||false|&#8221; top_divider_style=&#8221;wave&#8221; top_divider_color=&#8221;#e2ba73&#8243; locked=&#8221;off&#8221; global_colors_info=&#8221;{}&#8221;][et_pb_row _builder_version=&#8221;4.16&#8243; _module_preset=&#8221;default&#8221; background_enable_color=&#8221;off&#8221; min_height=&#8221;231.6px&#8221; custom_padding=&#8221;28px||0px|||&#8221; border_radii=&#8221;on|88px|88px|88px|88px&#8221; global_colors_info=&#8221;{}&#8221;][et_pb_column type=&#8221;4_4&#8243; _builder_version=&#8221;4.16&#8243; _module_preset=&#8221;default&#8221; global_colors_info=&#8221;{}&#8221;][/et_pb_column][/et_pb_row][/et_pb_section]</p>

<p>Coastal integrated coastal zone management Plan in MoroccoSchéma Régional du Littoral de la région Tanger-Tétouan-Al Hoceïma (SRL TTA) Morocco is partly geographically and entirely culturally immersed in the Mediterranean. It is a country that seems to be a perfect example of the Mediterranean essence. The country is praised since medieval times, with Ibn Battūtah describing [&hellip;]</p>
