{"id":1058,"date":"2022-09-08T11:51:15","date_gmt":"2022-09-08T09:51:15","guid":{"rendered":"https:\/\/coastday.net\/?page_id=1058"},"modified":"2023-09-27T14:27:20","modified_gmt":"2023-09-27T12:27:20","slug":"pour-en-savoir-plus","status":"publish","type":"page","link":"https:\/\/coastday.net\/index.php\/fr\/pour-en-savoir-plus\/","title":{"rendered":"Pour en savoir plus"},"content":{"rendered":"<p>[et_pb_section fb_built=&#8221;1&#8243; _builder_version=&#8221;4.21.0&#8243; _module_preset=&#8221;default&#8221; background_color=&#8221;rgba(0,0,0,0.34)&#8221; background_image=&#8221;https:\/\/coastday.net\/wp-content\/uploads\/2023\/07\/beautiful-scenery-with-early-morning-fishing-boat-off-coast-provence-near-le-lavandou-scaled-e1689344526415.jpeg&#8221; parallax=&#8221;on&#8221; parallax_method=&#8221;off&#8221; background_enable_video_mp4=&#8221;off&#8221; custom_padding=&#8221;||86px|||&#8221; bottom_divider_style=&#8221;wave&#8221; bottom_divider_color=&#8221;#0B4597&#8243; locked=&#8221;off&#8221; global_colors_info=&#8221;{}&#8221;][et_pb_row _builder_version=&#8221;4.16&#8243; _module_preset=&#8221;default&#8221; global_colors_info=&#8221;{}&#8221;][et_pb_column type=&#8221;4_4&#8243; _builder_version=&#8221;4.16&#8243; _module_preset=&#8221;default&#8221; global_colors_info=&#8221;{}&#8221;][et_pb_image src=&#8221;https:\/\/coastday.net\/wp-content\/uploads\/2021\/09\/LOGO-COD.png&#8221; alt=&#8221;LOGO COAST DAY&#8221; title_text=&#8221;LOGO MED COASTDAY&#8221; align=&#8221;center&#8221; _builder_version=&#8221;4.16&#8243; _module_preset=&#8221;default&#8221; module_alignment=&#8221;center&#8221; max_height=&#8221;195px&#8221; global_colors_info=&#8221;{}&#8221;][\/et_pb_image][\/et_pb_column][\/et_pb_row][\/et_pb_section][et_pb_section fb_built=&#8221;1&#8243; _builder_version=&#8221;4.16&#8243; _module_preset=&#8221;default&#8221; background_color=&#8221;#0B61AB&#8221; use_background_color_gradient=&#8221;on&#8221; background_color_gradient_stops=&#8221;#0b4597 0%|#1892d1 100%&#8221; background_color_gradient_start=&#8221;#1892d1&#8243; background_color_gradient_end=&#8221;#0b4597&#8243; custom_margin=&#8221;0px||0px||false|false&#8221; custom_padding=&#8221;0px||0px||false|false&#8221; locked=&#8221;off&#8221; global_colors_info=&#8221;{}&#8221;][et_pb_row _builder_version=&#8221;4.16&#8243; _module_preset=&#8221;default&#8221; custom_padding=&#8221;||0px|||&#8221; global_colors_info=&#8221;{}&#8221;][et_pb_column type=&#8221;4_4&#8243; _builder_version=&#8221;4.16&#8243; _module_preset=&#8221;default&#8221; global_colors_info=&#8221;{}&#8221;][et_pb_text _builder_version=&#8221;4.21.0&#8243; _module_preset=&#8221;default&#8221; text_font=&#8221;Titillium Web||||||||&#8221; text_text_color=&#8221;#FFFFFF&#8221; text_font_size=&#8221;18px&#8221; header_font=&#8221;Titillium Web||||||||&#8221; header_text_color=&#8221;#FFFFFF&#8221; custom_padding=&#8221;0px|20px|0px|20px||true&#8221; global_colors_info=&#8221;{}&#8221;]<\/p>\n<p><strong>La Journ\u00e9e du Littoral m\u00e9diterran\u00e9en<\/strong>\u00a0(25 septembre) est une c\u00e9l\u00e9bration annuelle r\u00e9gionale du <strong>PNUE\/PAM<\/strong> introduite dans le cadre du Protocole de Gestion Int\u00e9gr\u00e9e des Zones C\u00f4ti\u00e8res (<strong>GIZC<\/strong>) de la Convention de Barcelone.<\/p>\n<p>Le promoteur de cet \u00e9v\u00e9nement important pour la M\u00e9diterran\u00e9e est le<strong> CAR\/PAP<\/strong>, le Centre d&#8217;Activit\u00e9s R\u00e9gionales\/Programme d&#8217;Actions Prioritaires, dont la mission est de soutenir les pays m\u00e9diterran\u00e9ens sur la voie du d\u00e9veloppement durable des c\u00f4tes.<\/p>\n<p>Le <strong>CAR\/PAP<\/strong> a \u00e9t\u00e9 cr\u00e9\u00e9 en 1977 comme l&#8217;un des <strong>Centres d&#8217;Activit\u00e9s R\u00e9gionales du Plan d&#8217;Action pour la M\u00e9diterran\u00e9e<\/strong> (PAM), qui fait lui-m\u00eame partie du Programme des Nations Unies pour l&#8217;Environnement (ONU Environnement).<\/p>\n<p>Le pr\u00e9sent site web consacr\u00e9 \u00e0 <strong>la Journ\u00e9e du Littoral m\u00e9diterran\u00e9en<\/strong> a \u00e9t\u00e9 d\u00e9velopp\u00e9 par le <strong>CAR\/INFO<\/strong>, le Centre d&#8217;Activit\u00e9s R\u00e9gionales pour l&#8217;Information et la Communication du <strong>PNUE\/PAM<\/strong>, afin d&#8217;aider les pays m\u00e9diterran\u00e9ens \u00e0 c\u00e9l\u00e9brer la<strong> Journ\u00e9e du Littoral m\u00e9diterran\u00e9en<\/strong> \u00e9galement par le biais d&#8217;activit\u00e9s de sensibilisation faciles \u00e0 reproduire partout.<\/p>\n<p>Sur ce site, vous trouverez \u00e9galement des informations sur la r\u00e9silience des c\u00f4tes m\u00e9diterran\u00e9ennes. De plus amples informations sur cette activit\u00e9 sont \u00e9galement disponibles sur les autres sites Web du syst\u00e8me de la Convention de Barcelone du <strong>PNUE\/PAM<\/strong>.<\/p>\n<p>Cette ann\u00e9e, \u00e9tant donn\u00e9 que les restrictions li\u00e9es au COVID ont \u00e9t\u00e9 r\u00e9duites ou \u00e9limin\u00e9es dans de nombreux pays m\u00e9diterran\u00e9ens, le <strong>PNUE\/PAM<\/strong>, le <strong>CAR\/PAP<\/strong> et le <strong>CAR\/INFO<\/strong>, avec le soutien de tous les autres Centres dActivit\u00e9s R\u00e9gionales du <strong>PNUE\/PAM<\/strong> &#8211; Convention de Barcelone (MED POL, Plan Bleu, MedWaves, CAR\/ASP et REMPEC) et en s&#8217;appuyant sur la campagne num\u00e9rique lanc\u00e9e l&#8217;ann\u00e9e derni\u00e8re, ont l&#8217;intention d&#8217;\u00e9tendre, dans la mesure du possible, la participation de tous les acteurs dans le domaine de l&#8217;environnement et du d\u00e9veloppement durable dans la r\u00e9gion, \u00e0 travers des\u00e9v\u00e9nements en pr\u00e9sence aussi.<\/p>\n<p>Notre objectif reste inchang\u00e9: battre le tambour pour des \u00e9cosyst\u00e8mes marins et c\u00f4tiers m\u00e9diterran\u00e9ens sains aupr\u00e8s des d\u00e9cideurs politiques, des autorit\u00e9s locales, des membres du monde universitaire et des m\u00e9dias, de la soci\u00e9t\u00e9 civile et du grand public.<\/p>\n<p>En attendant, nous vous invitons \u00e0 nous aider \u00e0 faire passer le message sur les m\u00e9dias sociaux en utilisant les hashtags suivants\u00a0 <em>#MedCoastDay \/ #Act4Med \/ #BarcelonaConvention<\/em>\u00a0dans vos posts et \u00e0 diffuser le slogan de la <strong>Journ\u00e9e du Littoral m\u00e9diterran\u00e9en<\/strong> lanc\u00e9 en 2020:<\/p>\n<p>[\/et_pb_text][et_pb_text _builder_version=&#8221;4.21.0&#8243; _module_preset=&#8221;default&#8221; text_font=&#8221;Kalam|||on|||||&#8221; text_text_color=&#8221;#FFFFFF&#8221; text_font_size=&#8221;21px&#8221; text_line_height=&#8221;1.2em&#8221; custom_margin=&#8221;29px|0px|29px|0px|true|true&#8221; custom_padding=&#8221;0px|0px|0px|0px|true|true&#8221; text_font_size_tablet=&#8221;35px&#8221; text_font_size_phone=&#8221;28px&#8221; text_font_size_last_edited=&#8221;on|phone&#8221; text_line_height_tablet=&#8221;&#8221; text_line_height_phone=&#8221;&#8221; text_line_height_last_edited=&#8221;on|desktop&#8221; text_orientation_tablet=&#8221;center&#8221; text_orientation_phone=&#8221;center&#8221; text_orientation_last_edited=&#8221;on|tablet&#8221; locked=&#8221;off&#8221; global_colors_info=&#8221;{}&#8221;]<\/p>\n<p style=\"text-align: center;\">\u00a0La M\u00e9diterran\u00e9e a besoin de vous. Si vous mettez un coquillage \u00e0 votre oreille, vous l&#8217;entendrez appeler<\/p>\n<p>[\/et_pb_text][\/et_pb_column][\/et_pb_row][\/et_pb_section][et_pb_section fb_built=&#8221;1&#8243; _builder_version=&#8221;4.22.2&#8243; _module_preset=&#8221;default&#8221; custom_margin=&#8221;-2px|||||&#8221; custom_padding=&#8221;34px||21px|||&#8221; hover_enabled=&#8221;0&#8243; locked=&#8221;off&#8221; global_colors_info=&#8221;{}&#8221; bottom_divider_style=&#8221;wave&#8221; bottom_divider_color=&#8221;#002e43&#8243; top_divider_style=&#8221;wave&#8221; top_divider_color=&#8221;#1892D1&#8243; sticky_enabled=&#8221;0&#8243;][et_pb_row use_custom_gutter=&#8221;on&#8221; gutter_width=&#8221;1&#8243; _builder_version=&#8221;4.21.0&#8243; _module_preset=&#8221;default&#8221; transform_scale=&#8221;70%|70%&#8221; width=&#8221;59%&#8221; custom_padding=&#8221;40px||63px|||&#8221; global_colors_info=&#8221;{}&#8221;][et_pb_column type=&#8221;4_4&#8243; _builder_version=&#8221;4.16&#8243; _module_preset=&#8221;default&#8221; global_colors_info=&#8221;{}&#8221;][et_pb_image src=&#8221;https:\/\/coastday.net\/wp-content\/uploads\/2023\/09\/INFORAC-PAPRAC-LOGO-2.png&#8221; alt=&#8221;LOGO UNEP MAP&#8221; title_text=&#8221;INFORAC-PAPRAC-LOGO-2&#8243; url=&#8221;https:\/\/www.unep.org\/unepmap\/&#8221; url_new_window=&#8221;on&#8221; _builder_version=&#8221;4.22.2&#8243; _module_preset=&#8221;default&#8221; max_height=&#8221;1000px&#8221; hover_enabled=&#8221;0&#8243; global_colors_info=&#8221;{}&#8221; sticky_enabled=&#8221;0&#8243;][\/et_pb_image][\/et_pb_column][\/et_pb_row][\/et_pb_section]<\/p>\n","protected":false},"excerpt":{"rendered":"<p>La Journ\u00e9e du Littoral m\u00e9diterran\u00e9en\u00a0(25 septembre) est une c\u00e9l\u00e9bration annuelle r\u00e9gionale du PNUE\/PAM introduite dans le cadre du Protocole de Gestion Int\u00e9gr\u00e9e des Zones C\u00f4ti\u00e8res (GIZC) de la Convention de Barcelone. Le promoteur de cet \u00e9v\u00e9nement important pour la M\u00e9diterran\u00e9e est le CAR\/PAP, le Centre d&#8217;Activit\u00e9s R\u00e9gionales\/Programme d&#8217;Actions Prioritaires, dont la mission est de soutenir [&hellip;]<\/p>\n","protected":false},"author":1,"featured_media":0,"parent":0,"menu_order":0,"comment_status":"closed","ping_status":"closed","template":"","meta":{"_et_pb_use_builder":"on","_et_pb_old_content":"<!-- wp:paragraph -->\n<p>Francese test<\/p>\n<!-- \/wp:paragraph -->","_et_gb_content_width":"","footnotes":""},"class_list":["post-1058","page","type-page","status-publish","hentry"],"_links":{"self":[{"href":"https:\/\/coastday.net\/index.php\/wp-json\/wp\/v2\/pages\/1058","targetHints":{"allow":["GET"]}}],"collection":[{"href":"https:\/\/coastday.net\/index.php\/wp-json\/wp\/v2\/pages"}],"about":[{"href":"https:\/\/coastday.net\/index.php\/wp-json\/wp\/v2\/types\/page"}],"author":[{"embeddable":true,"href":"https:\/\/coastday.net\/index.php\/wp-json\/wp\/v2\/users\/1"}],"replies":[{"embeddable":true,"href":"https:\/\/coastday.net\/index.php\/wp-json\/wp\/v2\/comments?post=1058"}],"version-history":[{"count":11,"href":"https:\/\/coastday.net\/index.php\/wp-json\/wp\/v2\/pages\/1058\/revisions"}],"predecessor-version":[{"id":1676,"href":"https:\/\/coastday.net\/index.php\/wp-json\/wp\/v2\/pages\/1058\/revisions\/1676"}],"wp:attachment":[{"href":"https:\/\/coastday.net\/index.php\/wp-json\/wp\/v2\/media?parent=1058"}],"curies":[{"name":"wp","href":"https:\/\/api.w.org\/{rel}","templated":true}]}}