{"id":1100,"date":"2022-09-08T13:54:54","date_gmt":"2022-09-08T11:54:54","guid":{"rendered":"https:\/\/coastday.net\/?page_id=1100"},"modified":"2023-09-27T14:49:21","modified_gmt":"2023-09-27T12:49:21","slug":"accueil","status":"publish","type":"page","link":"https:\/\/coastday.net\/index.php\/fr\/accueil\/","title":{"rendered":"Accueil"},"content":{"rendered":"<p>[et_pb_section fb_built=&#8221;1&#8243; _builder_version=&#8221;4.21.0&#8243; _module_preset=&#8221;default&#8221; background_color=&#8221;rgba(0,0,0,0.34)&#8221; background_enable_image=&#8221;off&#8221; parallax=&#8221;on&#8221; background_video_mp4=&#8221;https:\/\/coastday.net\/wp-content\/uploads\/2023\/07\/HEADER-VLORA.mp4&#8243; custom_padding=&#8221;||74px|||&#8221; bottom_divider_style=&#8221;wave&#8221; bottom_divider_color=&#8221;#1892D1&#8243; locked=&#8221;off&#8221; global_colors_info=&#8221;{}&#8221;][et_pb_row _builder_version=&#8221;4.16&#8243; _module_preset=&#8221;default&#8221; min_height=&#8221;522.4px&#8221; global_colors_info=&#8221;{}&#8221;][et_pb_column type=&#8221;4_4&#8243; _builder_version=&#8221;4.16&#8243; _module_preset=&#8221;default&#8221; global_colors_info=&#8221;{}&#8221;][et_pb_image src=&#8221;https:\/\/coastday.net\/wp-content\/uploads\/2021\/09\/LOGO-COD.png&#8221; alt=&#8221;LOGO COAST DAY 2&#8243; title_text=&#8221;LOGO MED COASTDAY&#8221; align=&#8221;center&#8221; _builder_version=&#8221;4.16&#8243; _module_preset=&#8221;default&#8221; module_alignment=&#8221;center&#8221; max_height=&#8221;234px&#8221; custom_margin=&#8221;||43px|||&#8221; global_colors_info=&#8221;{}&#8221;][\/et_pb_image][et_pb_text _builder_version=&#8221;4.21.0&#8243; _module_preset=&#8221;default&#8221; text_font=&#8221;Kalam|||on|||||&#8221; text_text_color=&#8221;#FFFFFF&#8221; text_font_size=&#8221;35px&#8221; text_line_height=&#8221;1.2em&#8221; custom_margin=&#8221;-2px|0px|-2px|0px|true|true&#8221; custom_padding=&#8221;0px|0px|0px|0px|true|true&#8221; text_font_size_tablet=&#8221;35px&#8221; text_font_size_phone=&#8221;28px&#8221; text_font_size_last_edited=&#8221;on|phone&#8221; text_line_height_tablet=&#8221;&#8221; text_line_height_phone=&#8221;&#8221; text_line_height_last_edited=&#8221;on|desktop&#8221; text_orientation_tablet=&#8221;center&#8221; text_orientation_phone=&#8221;center&#8221; text_orientation_last_edited=&#8221;on|tablet&#8221; global_colors_info=&#8221;{}&#8221;]<\/p>\n<p style=\"text-align: center;\">La M\u00e9diterran\u00e9e a besoin de vous.<br \/>Si vous mettez un coquillage \u00e0 votre oreille, vous l&#8217;entendrez appeler<\/p>\n<p>[\/et_pb_text][et_pb_text _builder_version=&#8221;4.21.0&#8243; _module_preset=&#8221;default&#8221; text_font=&#8221;|300|on||||||&#8221; text_text_color=&#8221;#FFFFFF&#8221; text_font_size=&#8221;22px&#8221; text_line_height=&#8221;1.3em&#8221; text_orientation=&#8221;center&#8221; custom_margin=&#8221;0px|0px||0px|false|true&#8221; custom_padding=&#8221;15px|0px|15px|0px|true|true&#8221; text_orientation_tablet=&#8221;&#8221; text_orientation_phone=&#8221;center&#8221; text_orientation_last_edited=&#8221;on|tablet&#8221; global_colors_info=&#8221;{}&#8221;]<\/p>\n<p>#MedCoastDay\u00a0 \u00a0#Act4Med\u00a0 \u00a0#BarcelonaConvention<\/p>\n<p>[\/et_pb_text][\/et_pb_column][\/et_pb_row][\/et_pb_section][et_pb_section fb_built=&#8221;1&#8243; _builder_version=&#8221;4.21.0&#8243; _module_preset=&#8221;default&#8221; background_color=&#8221;#0B61AB&#8221; use_background_color_gradient=&#8221;on&#8221; background_color_gradient_stops=&#8221;#1892d1 0%|#0b4597 100%&#8221; background_color_gradient_start=&#8221;#1892d1&#8243; background_color_gradient_end=&#8221;#0b4597&#8243; custom_margin=&#8221;||6px|||&#8221; custom_padding=&#8221;15px||1px|||&#8221; bottom_divider_color=&#8221;#ffffff&#8221; locked=&#8221;off&#8221; global_colors_info=&#8221;{}&#8221;][et_pb_row column_structure=&#8221;1_4,3_4&#8243; _builder_version=&#8221;4.21.0&#8243; _module_preset=&#8221;default&#8221; custom_padding=&#8221;8px||0px|||&#8221; global_colors_info=&#8221;{}&#8221;][et_pb_column type=&#8221;1_4&#8243; _builder_version=&#8221;4.16&#8243; _module_preset=&#8221;default&#8221; global_colors_info=&#8221;{}&#8221;][\/et_pb_column][et_pb_column type=&#8221;3_4&#8243; _builder_version=&#8221;4.16&#8243; _module_preset=&#8221;default&#8221; global_colors_info=&#8221;{}&#8221;][et_pb_text _builder_version=&#8221;4.21.0&#8243; _module_preset=&#8221;default&#8221; text_font=&#8221;Titillium Web|||on|||||&#8221; text_text_color=&#8221;#FFFFFF&#8221; text_font_size=&#8221;28px&#8221; text_line_height=&#8221;1.5em&#8221; module_alignment=&#8221;center&#8221; custom_margin=&#8221;-11px|0px|2px|0px|false|false&#8221; custom_padding=&#8221;0px|0px|0px|0px|false|false&#8221; text_orientation_tablet=&#8221;center&#8221; text_orientation_phone=&#8221;center&#8221; text_orientation_last_edited=&#8221;on|tablet&#8221; module_alignment_tablet=&#8221;center&#8221; module_alignment_phone=&#8221;center&#8221; module_alignment_last_edited=&#8221;on|phone&#8221; global_colors_info=&#8221;{}&#8221;]<\/p>\n<p><span role=\"link\" id=\"OBJ_PREFIX_DWT435_com_zimbra_url\"><span role=\"link\" id=\"OBJ_PREFIX_DWT444_com_zimbra_url\">25 septembre 2023<br \/><\/span><\/span><strong><span role=\"link\" id=\"OBJ_PREFIX_DWT435_com_zimbra_url\"><span role=\"link\" id=\"OBJ_PREFIX_DWT444_com_zimbra_url\">mediterranean coast day<\/span><\/span><\/strong><\/p>\n<p>[\/et_pb_text][et_pb_text _builder_version=&#8221;4.21.0&#8243; _module_preset=&#8221;default&#8221; text_font=&#8221;Titillium Web||||||||&#8221; text_text_color=&#8221;#FFFFFF&#8221; text_font_size=&#8221;25px&#8221; text_line_height=&#8221;1.5em&#8221; module_alignment=&#8221;center&#8221; custom_margin=&#8221;-11px|0px|8px|0px|false|false&#8221; custom_padding=&#8221;0px|0px|0px|0px|false|false&#8221; module_alignment_tablet=&#8221;center&#8221; module_alignment_phone=&#8221;center&#8221; module_alignment_last_edited=&#8221;on|phone&#8221; global_colors_info=&#8221;{}&#8221;]<\/p>\n<p><span role=\"link\" id=\"OBJ_PREFIX_DWT435_com_zimbra_url\"><span role=\"link\" id=\"OBJ_PREFIX_DWT444_com_zimbra_url\">Journ\u00e9e du Littoral m\u00e9diterran\u00e9en<\/span><\/span><\/p>\n<p>[\/et_pb_text][\/et_pb_column][\/et_pb_row][et_pb_row column_structure=&#8221;1_4,3_4&#8243; _builder_version=&#8221;4.16&#8243; _module_preset=&#8221;default&#8221; custom_margin=&#8221;-13px|auto||auto||&#8221; custom_padding=&#8221;8px|||||&#8221; global_colors_info=&#8221;{}&#8221;][et_pb_column type=&#8221;1_4&#8243; _builder_version=&#8221;4.21.0&#8243; _module_preset=&#8221;default&#8221; global_colors_info=&#8221;{}&#8221;][et_pb_image src=&#8221;https:\/\/coastday.net\/wp-content\/uploads\/2023\/07\/summer.png&#8221; title_text=&#8221;summer&#8221; align=&#8221;right&#8221; align_tablet=&#8221;center&#8221; align_phone=&#8221;center&#8221; align_last_edited=&#8221;on|phone&#8221; _builder_version=&#8221;4.21.0&#8243; _module_preset=&#8221;default&#8221; max_height=&#8221;130px&#8221; custom_margin=&#8221;10px||||false|false&#8221; global_colors_info=&#8221;{}&#8221;][\/et_pb_image][\/et_pb_column][et_pb_column type=&#8221;3_4&#8243; _builder_version=&#8221;4.16&#8243; _module_preset=&#8221;default&#8221; global_colors_info=&#8221;{}&#8221;][et_pb_text _builder_version=&#8221;4.16&#8243; _module_preset=&#8221;default&#8221; text_font=&#8221;Titillium Web||||||||&#8221; text_text_color=&#8221;#FFFFFF&#8221; text_font_size=&#8221;18px&#8221; text_line_height=&#8221;1.5em&#8221; global_colors_info=&#8221;{}&#8221;]<\/p>\n<p><strong>La Journ\u00e9e du Littoral m\u00e9diterran\u00e9en<\/strong> (25 septembre) est une c\u00e9l\u00e9bration annuelle r\u00e9gionale du <strong>PNUE\/PAM<\/strong> qui permet de promouvoir le Protocole de gestion int\u00e9gr\u00e9e des zones c\u00f4ti\u00e8res (<strong>GIZC<\/strong>) de la Convention de Barcelone.<\/p>\n<p>Le <strong>CAR\/PAP<\/strong> coordonne l\u2019organisation de cette c\u00e9l\u00e9bration. Si l\u2019\u00e9v\u00e8nement \u00e9tait au d\u00e9part totalement focalis\u00e9 sur la <strong>GIZC<\/strong>, il porte aujourd\u2019hui sur un plus large \u00e9ventail de th\u00e8mes relatifs \u00e0 la sant\u00e9 des \u00e9cosyst\u00e8mes c\u00f4tiers et marins dans le contexte du d\u00e9veloppement durable<\/p>\n<p>[\/et_pb_text][et_pb_button button_url=&#8221;https:\/\/coastday.net\/index.php\/fr\/histoire\/&#8221; button_text=&#8221;En savoir plus&#8221; button_alignment=&#8221;left&#8221; _builder_version=&#8221;4.22.2&#8243; _module_preset=&#8221;eef7439b-6ee6-40f5-b318-216da3d4612f&#8221; global_colors_info=&#8221;{}&#8221;][\/et_pb_button][\/et_pb_column][\/et_pb_row][\/et_pb_section][et_pb_section fb_built=&#8221;1&#8243; _builder_version=&#8221;4.21.0&#8243; _module_preset=&#8221;default&#8221; background_color=&#8221;RGBA(0,0,0,0)&#8221; background_image=&#8221;https:\/\/coastday.net\/wp-content\/uploads\/2023\/07\/valona-mare.jpg&#8221; parallax=&#8221;on&#8221; parallax_method=&#8221;off&#8221; custom_margin=&#8221;-8px|||||&#8221; custom_padding=&#8221;148px||15px||false|false&#8221; top_divider_style=&#8221;wave&#8221; top_divider_color=&#8221;#0B4597&#8243; bottom_divider_style=&#8221;wave&#8221; bottom_divider_color=&#8221;#0B61AB&#8221; locked=&#8221;off&#8221; global_colors_info=&#8221;{}&#8221;][et_pb_row _builder_version=&#8221;4.16&#8243; _module_preset=&#8221;default&#8221; custom_margin=&#8221;-13px|auto||auto||&#8221; custom_padding=&#8221;8px|||||&#8221; locked=&#8221;off&#8221; global_colors_info=&#8221;{}&#8221;][et_pb_column type=&#8221;4_4&#8243; _builder_version=&#8221;4.21.0&#8243; _module_preset=&#8221;default&#8221; global_colors_info=&#8221;{}&#8221;][et_pb_text _builder_version=&#8221;4.21.0&#8243; _module_preset=&#8221;default&#8221; text_font=&#8221;|600||on|||||&#8221; text_text_color=&#8221;#FFFFFF&#8221; text_font_size=&#8221;26px&#8221; text_line_height=&#8221;1.3em&#8221; text_orientation=&#8221;center&#8221; custom_padding=&#8221;|0px||0px|false|true&#8221; global_colors_info=&#8221;{}&#8221;]<\/p>\n<p>Rejoignez-nous le 25 septembre pour honorer la beaut\u00e9 et la vie de la M\u00e9diterran\u00e9e!<\/p>\n<p>[\/et_pb_text][et_pb_button button_url=&#8221;@ET-DC@eyJkeW5hbWljIjp0cnVlLCJjb250ZW50IjoicG9zdF9saW5rX3VybF9wYWdlIiwic2V0dGluZ3MiOnsicG9zdF9pZCI6IjExMjUifX0=@&#8221; button_text=&#8221;Act for MED&#8221; _builder_version=&#8221;4.22.2&#8243; _dynamic_attributes=&#8221;button_url&#8221; _module_preset=&#8221;eef7439b-6ee6-40f5-b318-216da3d4612f&#8221; button_border_radius=&#8221;33px&#8221; button_icon_color=&#8221;#9BDBF7&#8243; custom_margin=&#8221;||62px|||&#8221; global_colors_info=&#8221;{}&#8221;][\/et_pb_button][\/et_pb_column][\/et_pb_row][\/et_pb_section][et_pb_section fb_built=&#8221;1&#8243; _builder_version=&#8221;4.22.1&#8243; _module_preset=&#8221;default&#8221; background_color=&#8221;#FFFFFF&#8221; use_background_color_gradient=&#8221;on&#8221; background_color_gradient_stops=&#8221;#0b61ab 6%|#e2ba73 100%&#8221; background_color_gradient_start=&#8221;#0b61ab&#8221; background_color_gradient_start_position=&#8221;6%&#8221; background_color_gradient_end=&#8221;#e2ba73&#8243; custom_margin=&#8221;-11px|||||&#8221; custom_padding=&#8221;18px||130px|||&#8221; top_divider_color=&#8221;#1892D1&#8243; bottom_divider_style=&#8221;wave&#8221; bottom_divider_color=&#8221;#FFFFFF&#8221; locked=&#8221;off&#8221; global_colors_info=&#8221;{}&#8221;][et_pb_row _builder_version=&#8221;4.22.1&#8243; _module_preset=&#8221;default&#8221; custom_padding=&#8221;16px|30px|0px|30px|false|true&#8221; global_colors_info=&#8221;{}&#8221;][et_pb_column type=&#8221;4_4&#8243; _builder_version=&#8221;4.16&#8243; _module_preset=&#8221;default&#8221; global_colors_info=&#8221;{}&#8221;][et_pb_text _builder_version=&#8221;4.22.1&#8243; _module_preset=&#8221;default&#8221; text_font=&#8221;|600||on|||||&#8221; text_text_color=&#8221;#FFFFFF&#8221; text_font_size=&#8221;28px&#8221; custom_margin=&#8221;||5px|||&#8221; global_colors_info=&#8221;{}&#8221;]<\/p>\n<p><span>Rejoignez-nous en Albanie<\/span><\/p>\n<p>[\/et_pb_text][et_pb_text _builder_version=&#8221;4.22.1&#8243; _module_preset=&#8221;default&#8221; text_font=&#8221;Titillium Web||||||||&#8221; text_text_color=&#8221;#FFFFFF&#8221; text_font_size=&#8221;18px&#8221; header_font=&#8221;Titillium Web||||||||&#8221; header_text_color=&#8221;#FFFFFF&#8221; custom_margin=&#8221;32px|||||&#8221; custom_padding=&#8221;|70px|2px|||&#8221; global_colors_info=&#8221;{}&#8221;]<\/p>\n<p><span>La c\u00e9r\u00e9monie officielle de la <strong>Journ\u00e9e du Littoral m\u00e9diterran\u00e9enne<\/strong>, co-organis\u00e9e par PAP\/RAC et le Programme hydrologique intergouvernemental de l&#8217;UNESCO (PHI), se tiendra le 25 septembre 2023 \u00e0 <strong>Vlor\u00eb<\/strong>, en <strong>Albanie<\/strong>, avec le soutien du Minist\u00e8re du Tourisme et de l&#8217;Environnement d&#8217;Albanie. Cette ann\u00e9e, l&#8217;\u00e9dition se concentrera sur les aquif\u00e8res c\u00f4tiers. Cela offrira une occasion de plaider pour une approche int\u00e9gr\u00e9e \u00e0 la gestion des ressources en eau souterraine et des \u00e9cosyst\u00e8mes c\u00f4tiers qu&#8217;elles soutiennent<\/span><\/p>\n<p>[\/et_pb_text][\/et_pb_column][\/et_pb_row][\/et_pb_section][et_pb_section fb_built=&#8221;1&#8243; disabled_on=&#8221;off|off|off&#8221; _builder_version=&#8221;4.22.1&#8243; _module_preset=&#8221;default&#8221; background_color=&#8221;#FFFFFF&#8221; custom_padding=&#8221;0px||63px||false|false&#8221; top_divider_color=&#8221;RGBA(0,0,0,0)&#8221; bottom_divider_style=&#8221;wave&#8221; bottom_divider_color=&#8221;#0B61AB&#8221; locked=&#8221;off&#8221; global_colors_info=&#8221;{}&#8221;][et_pb_row _builder_version=&#8221;4.22.1&#8243; _module_preset=&#8221;default&#8221; custom_margin=&#8221;0px|auto|0px|auto|false|false&#8221; custom_padding=&#8221;16px|0px|16px|0px|true|false&#8221; global_colors_info=&#8221;{}&#8221;][et_pb_column type=&#8221;4_4&#8243; _builder_version=&#8221;4.16&#8243; _module_preset=&#8221;default&#8221; global_colors_info=&#8221;{}&#8221;][et_pb_text _builder_version=&#8221;4.22.1&#8243; _module_preset=&#8221;default&#8221; text_font=&#8221;Titillium Web|600||on|||||&#8221; text_text_color=&#8221;#0B4597&#8243; text_font_size=&#8221;28px&#8221; text_line_height=&#8221;1.1em&#8221; custom_margin=&#8221;|0px||24px|false|false&#8221; custom_padding=&#8221;0px|0px|0px|0px|false|false&#8221; text_font_size_tablet=&#8221;&#8221; text_font_size_phone=&#8221;22px&#8221; text_font_size_last_edited=&#8221;on|desktop&#8221; text_line_height_tablet=&#8221;&#8221; text_line_height_phone=&#8221;1.1em&#8221; text_line_height_last_edited=&#8221;on|phone&#8221; text_orientation_tablet=&#8221;center&#8221; text_orientation_phone=&#8221;center&#8221; text_orientation_last_edited=&#8221;on|tablet&#8221; global_colors_info=&#8221;{}&#8221;]<\/p>\n<p>AMBASSADEUR DE LA JOURN\u00c9E DU LITTORAL M\u00c9DITERRAN\u00c9EN<\/p>\n<p>[\/et_pb_text][\/et_pb_column][\/et_pb_row][et_pb_row column_structure=&#8221;1_2,1_2&#8243; use_custom_gutter=&#8221;on&#8221; make_equal=&#8221;on&#8221; _builder_version=&#8221;4.21.0&#8243; _module_preset=&#8221;default&#8221; max_width=&#8221;1028px&#8221; module_alignment=&#8221;center&#8221; min_height=&#8221;221.7px&#8221; custom_margin=&#8221;0px|0px|0px|0px|true|true&#8221; custom_padding=&#8221;0px|0px|60px|0px|false|true&#8221; filter_brightness=&#8221;94%&#8221; border_color_all=&#8221;rgba(255,255,255,0.22)&#8221; locked=&#8221;off&#8221; global_colors_info=&#8221;{}&#8221;][et_pb_column type=&#8221;1_2&#8243; _builder_version=&#8221;4.22.2&#8243; _module_preset=&#8221;default&#8221; global_colors_info=&#8221;{}&#8221;][et_pb_image src=&#8221;https:\/\/coastday.net\/wp-content\/uploads\/2023\/09\/Alket-Islami-frame.png&#8221; title_text=&#8221;Alket-Islami-frame&#8221; align_tablet=&#8221;center&#8221; align_phone=&#8221;center&#8221; align_last_edited=&#8221;on|phone&#8221; disabled_on=&#8221;off|off|off&#8221; _builder_version=&#8221;4.22.2&#8243; _module_preset=&#8221;default&#8221; max_height=&#8221;292px&#8221; custom_padding=&#8221;15px||||false|false&#8221; filter_brightness=&#8221;152%&#8221; hover_enabled=&#8221;0&#8243; border_radii=&#8221;off|30px|30px|30px|30px&#8221; global_colors_info=&#8221;{}&#8221; url_new_window=&#8221;on&#8221; url=&#8221;https:\/\/youtu.be\/ANeesPHziEs?si=3eiHQiDhls-JgCpn&#038;t=85&#8243; sticky_enabled=&#8221;0&#8243;][\/et_pb_image][\/et_pb_column][et_pb_column type=&#8221;1_2&#8243; _builder_version=&#8221;4.16&#8243; _module_preset=&#8221;default&#8221; background_enable_color=&#8221;off&#8221; global_colors_info=&#8221;{}&#8221;][et_pb_text _builder_version=&#8221;4.22.2&#8243; _module_preset=&#8221;default&#8221; text_font=&#8221;Titillium Web||||||||&#8221; text_text_color=&#8221;#0B4597&#8243; text_font_size=&#8221;17px&#8221; text_line_height=&#8221;1.3em&#8221; header_font=&#8221;Titillium Web||||||||&#8221; header_text_color=&#8221;#002E43&#8243; custom_margin=&#8221;|0px|0px|0px|false|true&#8221; custom_padding=&#8221;16px|0px|16px|0px|true|false&#8221; global_colors_info=&#8221;{}&#8221;]<\/p>\n<p><span>Photographe a\u00e9rien, cam\u00e9raman, instructeur de parapente et de paramoteur, il est \u00e9galement pr\u00e9sident de l&#8217;A\u00e9roclub national d&#8217;Albani. <strong>Alket Islami<\/strong> a publi\u00e9 plusieurs volumes diff\u00e9rents de &#8220;<strong>L&#8217;Albanie vue du ciel<\/strong>&#8220;.<br \/><\/span><\/p>\n<p><span>N\u00e9 \u00e0 <strong>Tirana<\/strong> en 1965, il a \u00e9tudi\u00e9 la g\u00e9ographie et l&#8217;histoire \u00e0 l&#8217;<strong>universit\u00e9 de Tirana<\/strong> et, gr\u00e2ce \u00e0 sa passion, il a d\u00e9velopp\u00e9 une nouvelle relation avec son pays.<\/span><\/p>\n<p>[\/et_pb_text][et_pb_button button_url=&#8221;@ET-DC@eyJkeW5hbWljIjp0cnVlLCJjb250ZW50IjoicG9zdF9saW5rX3VybF9wYWdlIiwic2V0dGluZ3MiOnsicG9zdF9pZCI6IjEwNzYifX0=@&#8221; button_text=&#8221;En savoir plus&#8221; button_alignment=&#8221;left&#8221; _builder_version=&#8221;4.22.2&#8243; _dynamic_attributes=&#8221;button_url&#8221; _module_preset=&#8221;eef7439b-6ee6-40f5-b318-216da3d4612f&#8221; button_bg_color=&#8221;#0B4597&#8243; button_border_width=&#8221;0px&#8221; button_border_color=&#8221;#1892D1&#8243; custom_margin=&#8221;13px|||||&#8221; global_colors_info=&#8221;{}&#8221;][\/et_pb_button][\/et_pb_column][\/et_pb_row][\/et_pb_section][et_pb_section fb_built=&#8221;1&#8243; _builder_version=&#8221;4.22.2&#8243; _module_preset=&#8221;default&#8221; background_color=&#8221;#1892D1&#8243; use_background_color_gradient=&#8221;on&#8221; background_color_gradient_stops=&#8221;#0b61ab 0%|#e2dbc5 100%&#8221; background_color_gradient_start=&#8221;#0b61ab&#8221; background_color_gradient_end=&#8221;#e2dbc5&#8243; custom_padding=&#8221;23px||105px||false|&#8221; top_divider_color=&#8221;#e2dbc5&#8243; bottom_divider_style=&#8221;wave&#8221; bottom_divider_color=&#8221;#002e43&#8243; locked=&#8221;off&#8221; global_colors_info=&#8221;{}&#8221;][et_pb_row column_structure=&#8221;1_3,2_3&#8243; use_custom_gutter=&#8221;on&#8221; _builder_version=&#8221;4.21.0&#8243; _module_preset=&#8221;default&#8221; width=&#8221;100%&#8221; module_alignment=&#8221;center&#8221; custom_margin=&#8221;|auto|29px|auto||&#8221; custom_padding=&#8221;8px||18px|||&#8221; global_colors_info=&#8221;{}&#8221;][et_pb_column type=&#8221;1_3&#8243; _builder_version=&#8221;4.21.0&#8243; _module_preset=&#8221;default&#8221; global_colors_info=&#8221;{}&#8221;][et_pb_image src=&#8221;https:\/\/coastday.net\/wp-content\/uploads\/2023\/07\/ICONA-VIDEO.png&#8221; title_text=&#8221;ICONA VIDEO&#8221; url=&#8221;@ET-DC@eyJkeW5hbWljIjp0cnVlLCJjb250ZW50IjoicG9zdF9saW5rX3VybF9wYWdlIiwic2V0dGluZ3MiOnsicG9zdF9pZCI6IjIyIn19@&#8221; align=&#8221;right&#8221; align_tablet=&#8221;center&#8221; align_phone=&#8221;center&#8221; align_last_edited=&#8221;on|phone&#8221; _builder_version=&#8221;4.21.0&#8243; _dynamic_attributes=&#8221;url&#8221; _module_preset=&#8221;default&#8221; max_height=&#8221;105px&#8221; custom_margin=&#8221;||5px|||&#8221; custom_padding=&#8221;3px|||||&#8221; global_colors_info=&#8221;{}&#8221;][\/et_pb_image][\/et_pb_column][et_pb_column type=&#8221;2_3&#8243; _builder_version=&#8221;4.21.0&#8243; _module_preset=&#8221;default&#8221; global_colors_info=&#8221;{}&#8221;][et_pb_text _builder_version=&#8221;4.21.0&#8243; _dynamic_attributes=&#8221;link_option_url&#8221; _module_preset=&#8221;default&#8221; text_font=&#8221;Titillium Web|600||on|||||&#8221; text_text_color=&#8221;#FFFFFF&#8221; text_font_size=&#8221;26px&#8221; text_line_height=&#8221;1.5em&#8221; module_alignment=&#8221;center&#8221; custom_margin=&#8221;16px|0px|2px|0px|false|false&#8221; custom_margin_tablet=&#8221;-3px||||false|false&#8221; custom_margin_phone=&#8221;-27px||||false|false&#8221; custom_margin_last_edited=&#8221;on|phone&#8221; custom_padding=&#8221;0px|0px|0px|0px|false|false&#8221; link_option_url=&#8221;@ET-DC@eyJkeW5hbWljIjp0cnVlLCJjb250ZW50IjoicG9zdF9saW5rX3VybF9wYWdlIiwic2V0dGluZ3MiOnsicG9zdF9pZCI6IjIyIn19@&#8221; text_orientation_tablet=&#8221;center&#8221; text_orientation_phone=&#8221;center&#8221; text_orientation_last_edited=&#8221;on|tablet&#8221; module_alignment_tablet=&#8221;center&#8221; module_alignment_phone=&#8221;center&#8221; module_alignment_last_edited=&#8221;on|phone&#8221; global_colors_info=&#8221;{}&#8221;]<\/p>\n<p><span role=\"link\" id=\"OBJ_PREFIX_DWT435_com_zimbra_url\"><span role=\"link\" id=\"OBJ_PREFIX_DWT444_com_zimbra_url\">MEDIAS<\/span><\/span><\/p>\n<p>[\/et_pb_text][et_pb_text _builder_version=&#8221;4.21.0&#8243; _module_preset=&#8221;default&#8221; text_font=&#8221;Titillium Web||||||||&#8221; text_text_color=&#8221;#FFFFFF&#8221; text_font_size=&#8221;18px&#8221; text_line_height=&#8221;1.5em&#8221; custom_margin_tablet=&#8221;&#8221; custom_margin_phone=&#8221;|30px||30px|false|true&#8221; custom_margin_last_edited=&#8221;on|phone&#8221; custom_padding=&#8221;4px||0px|||&#8221; text_orientation_tablet=&#8221;center&#8221; text_orientation_phone=&#8221;center&#8221; text_orientation_last_edited=&#8221;on|phone&#8221; global_colors_info=&#8221;{}&#8221;]<\/p>\n<p>Restez \u00e0 jour de nos derni\u00e8res activit\u00e9s et \u00e9v\u00e9nements pour la Journ\u00e9e du Littoral<\/p>\n<p>[\/et_pb_text][\/et_pb_column][\/et_pb_row][et_pb_row column_structure=&#8221;1_3,1_3,1_3&#8243; use_custom_gutter=&#8221;on&#8221; gutter_width=&#8221;2&#8243; make_equal=&#8221;on&#8221; _builder_version=&#8221;4.22.2&#8243; _module_preset=&#8221;default&#8221; height_tablet=&#8221;1500px&#8221; height_phone=&#8221;&#8221; height_last_edited=&#8221;on|tablet&#8221; max_height=&#8221;1146px&#8221; custom_margin=&#8221;0px||0px||false|false&#8221; custom_padding=&#8221;0px||0px||false|false&#8221; border_radii=&#8221;on|30px|30px|30px|30px&#8221; locked=&#8221;off&#8221; global_colors_info=&#8221;{}&#8221;][et_pb_column type=&#8221;1_3&#8243; _builder_version=&#8221;4.16&#8243; _module_preset=&#8221;default&#8221; global_colors_info=&#8221;{}&#8221;][et_pb_video src=&#8221;https:\/\/youtu.be\/ANeesPHziEs&#8221; image_src=&#8221;https:\/\/coastday.net\/wp-content\/uploads\/2023\/09\/COAST-DAY-video-COVER.jpg&#8221; _builder_version=&#8221;4.22.2&#8243; _module_preset=&#8221;default&#8221; global_colors_info=&#8221;{}&#8221;][\/et_pb_video][\/et_pb_column][et_pb_column type=&#8221;1_3&#8243; _builder_version=&#8221;4.16&#8243; _module_preset=&#8221;default&#8221; global_colors_info=&#8221;{}&#8221;][et_pb_video src=&#8221;https:\/\/www.youtube.com\/watch?v=rCwlo49LRGo&#038;t=388s&#8221; image_src=&#8221;\/\/i.ytimg.com\/vi\/rCwlo49LRGo\/hqdefault.jpg&#8221; _builder_version=&#8221;4.22.2&#8243; _module_preset=&#8221;default&#8221; global_colors_info=&#8221;{}&#8221;][\/et_pb_video][\/et_pb_column][et_pb_column type=&#8221;1_3&#8243; _builder_version=&#8221;4.22.2&#8243; _module_preset=&#8221;default&#8221; global_colors_info=&#8221;{}&#8221;][et_pb_video src=&#8221;https:\/\/youtu.be\/GFk6kxx3_VM?si=poZaUTI2ftXcg0mD&#8221; image_src=&#8221;https:\/\/coastday.net\/wp-content\/uploads\/2023\/07\/Mediterranean-coast-and-macro-regional-streategies-week-2022-.jpg&#8221; _builder_version=&#8221;4.22.2&#8243; _module_preset=&#8221;default&#8221; global_colors_info=&#8221;{}&#8221;][\/et_pb_video][\/et_pb_column][\/et_pb_row][\/et_pb_section]<\/p>\n","protected":false},"excerpt":{"rendered":"<p>La M\u00e9diterran\u00e9e a besoin de vous.Si vous mettez un coquillage \u00e0 votre oreille, vous l&#8217;entendrez appeler#MedCoastDay\u00a0 \u00a0#Act4Med\u00a0 \u00a0#BarcelonaConvention25 septembre 2023mediterranean coast dayJourn\u00e9e du Littoral m\u00e9diterran\u00e9enLa Journ\u00e9e du Littoral m\u00e9diterran\u00e9en (25 septembre) est une c\u00e9l\u00e9bration annuelle r\u00e9gionale du PNUE\/PAM qui permet de promouvoir le Protocole de gestion int\u00e9gr\u00e9e des zones c\u00f4ti\u00e8res (GIZC) de la Convention de [&hellip;]<\/p>\n","protected":false},"author":1,"featured_media":0,"parent":0,"menu_order":0,"comment_status":"closed","ping_status":"closed","template":"","meta":{"_et_pb_use_builder":"on","_et_pb_old_content":"","_et_gb_content_width":"","footnotes":""},"class_list":["post-1100","page","type-page","status-publish","hentry"],"_links":{"self":[{"href":"https:\/\/coastday.net\/index.php\/wp-json\/wp\/v2\/pages\/1100","targetHints":{"allow":["GET"]}}],"collection":[{"href":"https:\/\/coastday.net\/index.php\/wp-json\/wp\/v2\/pages"}],"about":[{"href":"https:\/\/coastday.net\/index.php\/wp-json\/wp\/v2\/types\/page"}],"author":[{"embeddable":true,"href":"https:\/\/coastday.net\/index.php\/wp-json\/wp\/v2\/users\/1"}],"replies":[{"embeddable":true,"href":"https:\/\/coastday.net\/index.php\/wp-json\/wp\/v2\/comments?post=1100"}],"version-history":[{"count":45,"href":"https:\/\/coastday.net\/index.php\/wp-json\/wp\/v2\/pages\/1100\/revisions"}],"predecessor-version":[{"id":1692,"href":"https:\/\/coastday.net\/index.php\/wp-json\/wp\/v2\/pages\/1100\/revisions\/1692"}],"wp:attachment":[{"href":"https:\/\/coastday.net\/index.php\/wp-json\/wp\/v2\/media?parent=1100"}],"curies":[{"name":"wp","href":"https:\/\/api.w.org\/{rel}","templated":true}]}}